of 1088?
False
Does 37 divide 1126?
False
Does 47 divide 376?
True
Does 13 divide 1312?
False
Is 448 a multiple of 3?
False
Does 18 divide 5502?
False
Is 7244 a multiple of 12?
False
Is 3510 a multiple of 39?
True
Does 7 divide 2653?
True
Is 57 a factor of 17100?
True
Is 1848 a multiple of 28?
True
Is 46 a factor of 5703?
False
Is 13 a factor of 7586?
False
Is 100500 a multiple of 67?
True
Is 28026 a multiple of 54?
True
Is 6441 a multiple of 30?
False
Is 21 a factor of 6804?
True
Is 6 a factor of 207?
False
Does 116 divide 7295?
False
Does 95 divide 2879?
False
Does 93 divide 30411?
True
Is 389 a factor of 2334?
True
Is 10 a factor of 41?
False
Is 159 a factor of 3791?
False
Is 13287 a multiple of 103?
True
Does 24 divide 302?
False
Is 192 a factor of 9066?
False
Is 78965 a multiple of 513?
False
Does 32 divide 2816?
True
Is 165 a multiple of 33?
True
Does 10 divide 760?
True
Is 5146 a multiple of 160?
False
Does 10 divide 42?
False
Is 1433 a multiple of 10?
False
Is 102 a multiple of 3?
True
Is 78 a factor of 13785?
False
Is 288 a multiple of 12?
True
Is 46 a factor of 230?
True
Is 456 a multiple of 6?
True
Does 13 divide 1161?
False
Is 115 a factor of 1495?
True
Is 50005 a multiple of 207?
False
Is 6 a factor of 84?
True
Does 55 divide 1752?
False
Is 912 a multiple of 25?
False
Is 19 a factor of 3211?
True
Is 4726 a multiple of 34?
True
Does 19 divide 6410?
False
Is 968 a multiple of 54?
False
Is 3 a factor of 915?
True
Does 6 divide 318?
True
Does 6 divide 396?
True
Is 13708 a multiple of 149?
True
Does 22 divide 11110?
True
Is 940 a multiple of 47?
True
Is 1630 a multiple of 10?
True
Is 2352 a multiple of 42?
True
Does 56 divide 9443?
False
Is 22 a factor of 3640?
False
Is 4676 a multiple of 14?
True
Is 1455 a multiple of 15?
True
Is 8 a factor of 961?
False
Does 17 divide 979?
False
Is 66881 a multiple of 21?
False
Is 60 a factor of 2148?
False
Is 146251 a multiple of 89?
False
Is 275 a multiple of 24?
False
Is 6 a factor of 47770?
False
Is 10 a factor of 1310?
True
Is 240 a multiple of 40?
True
Does 36 divide 6366?
False
Is 5088 a multiple of 8?
True
Does 6 divide 427?
False
Does 26 divide 286?
True
Is 24 a factor of 2033?
False
Is 61 a factor of 201?
False
Does 58 divide 20368?
False
Is 3 a factor of 724?
False
Does 21 divide 4830?
True
Is 13248 a multiple of 192?
True
Is 25 a factor of 11391?
False
Is 1823 a multiple of 19?
False
Is 1162 a multiple of 98?
False
Is 7261 a multiple of 53?
True
Is 4 a factor of 26544?
True
Is 36 a factor of 576?
True
Is 520 a multiple of 40?
True
Does 17 divide 4080?
True
Does 8 divide 13537?
False
Is 13 a factor of 13?
True
Does 116 divide 9335?
False
Does 11 divide 230?
False
Is 7 a factor of 1430?
False
Is 27934 a multiple of 96?
False
Is 966 a multiple of 9?
False
Is 8 a factor of 2918?
False
Is 41 a factor of 4217?
False
Is 14616 a multiple of 14?
True
Does 13 divide 3416?
False
Is 95 a factor of 2036?
False
Is 1994 a multiple of 12?
False
Is 75 a factor of 22800?
True
Is 646 a multiple of 19?
True
Is 149 a factor of 41090?
False
Is 28 a factor of 11330?
False
Is 5 a factor of 3054?
False
Does 19 divide 7702?
False
Does 55 divide 3083?
False
Does 9 divide 17163?
True
Is 10 a factor of 11700?
True
Does 3 divide 592?
False
Is 61 a multiple of 2?
False
Does 49 divide 1898?
False
Does 19 divide 5386?
False
Is 80 a factor of 1348?
False
Is 2376 a multiple of 24?
True
Is 18 a factor of 1070?
False
Does 25 divide 1187?
False
Does 13 divide 14664?
True
Is 1386 a multiple of 63?
True
Does 11 divide 627?
True
Is 10 a factor of 10510?
True
Is 13 a factor of 239?
False
Is 10764 a multiple of 207?
True
Is 7308 a multiple of 22?
False
Is 7 a factor of 140?
True
Is 34860 a multiple of 84?
True
Does 14 divide 41769?
False
Is 2027 a multiple of 75?
False
Is 149 a factor of 9730?
False
Is 528 a multiple of 17?
False
Does 23 divide 428?
False
Is 14000 a multiple of 9?
False
Is 14 a factor of 1189?
False
Is 710 a multiple of 11?
False
Is 21 a factor of 2249?
False
Does 8 divide 2616?
True
Is 30932 a multiple of 22?
True
Is 1573 a multiple of 48?
False
Is 14 a factor of 910?
True
Does 11 divide 86845?
True
Does 10 divide 33?
False
Is 10 a factor of 1845?
False
Does 10 divide 6070?
True
Is 1515 a multiple of 21?
False
Does 72 divide 13608?
True
Is 6387 a multiple of 7?
False
Does 20 divide 10049?
False
Does 4 divide 156?
True
Is 46 a factor of 21896?
True
Is 14 a factor of 5419?
False
Is 53 a factor of 1482?
False
Is 7859 a multiple of 29?
True
Does 15 divide 53680?
False
Does 15 divide 453?
False
Is 4 a factor of 833?
False
Is 3 a factor of 170?
False
Does 95 divide 1330?
True
Is 10 a factor of 923?
False
Does 25 divide 39234?
False
Is 369 a multiple of 43?
False
Does 11 divide 14907?
False
Does 78 divide 3260?
False
Does 54 divide 18698?
False
Is 7813 a multiple of 12?
False
Does 55 divide 213?
False
Is 625 a multiple of 10?
False
Is 731 a multiple of 17?
True
Is 21 a factor of 13461?
True
Is 23 a factor of 161?
True
Is 14 a factor of 850?
False
Is 48 a multiple of 3?
True
Is 52 a factor of 983?
False
Does 3 divide 7575?
True
Is 4509 a multiple of 27?
True
Is 13 a factor of 2561?
True
Is 43 a factor of 6321?
True
Is 1900 a multiple of 100?
True
Is 86 a factor of 225?
False
Does 29 divide 31407?
True
Is 71 a factor of 3763?
True
Does 9 divide 12672?
True
Is 137 a multiple of 90?
False
Is 13300 a multiple of 76?
True
Is 736 a multiple of 8?
True
Is 3600 a multiple of 20?
True
Does 26 divide 16718?
True
Is 72124 a multiple of 73?
True
Does 18 divide 659?
False
Is 6 a factor of 10932?
True
Does 12 divide 46631?
False
Does 9 divide 19858?
False
Does 13 divide 23707?
False
Is 39 a factor of 819?
True
Is 40 a factor of 3440?
True
Is 4934 a multiple of 32?
False
Is 851 a multiple of 19?
False
Is 4160 a multiple of 10?
True
Is 25 a factor of 33727?
False
Is 1665 a multiple of 13?
False
Is 8 a factor of 2544?
True
Is 801 a multiple of 20?
False
Does 49 divide 1711?
False
Does 7 divide 963?
False
Is 14 a factor of 350?
True
Does 78 divide 16551?
False
Is 5 a factor of 3654?
False
Is 84 a multiple of 4?
True
Does 361 divide 125083?
False
Does 8 divide 4080?
True
Is 1728 a multiple of 6?
True
Is 371 a multiple of 53?
True
Is 77 a multiple of 25?
False
Is 12 a factor of 5940?
True
Is 4 a factor of 29?
False
Does 2 divide 449?
False
Is 18 a factor of 153864?
True
Does 13 divide 1807?
True
Is 8 a factor of 18936?
True
Is 11 a factor of 5171?
False
Is 63 even?
False
Is 193 a multiple of 12?
False
Is 4428 a multiple of 108?
True
Is 2459 a multiple of 13?
False
Is 148 a multiple of 13?
False
Does 215 divide 38994?
False
Is 1630 a multiple of 10?
True
Is 378 a multiple of 14?
True
Is 123 a multiple of 31?
False
Is 72178 a multiple of 239?
True
Does 16 divide 57552?
True
Is 42 a factor of 504?
True
Is 7 a factor of 86?
False
Does 100 divide 11713?
False
Does 19 divide 266?
True
Is 111 a multiple of 2?
False
Is 498 a multiple of 128?
False
Does 24 divide 2208?
True
Does 11 divide 93502?
False
Is 320 a multiple of 16?
True
Is 3724 a multiple of 76?
True
Is 8 a factor of 22058?
False
Does 32 divide 1152?
True
Does 22 divide 40203?
False
Is 32 a factor of 52229?
False
Is 28 a factor of 280?
True
Is 205 a factor of 11827?
False
Is 53 a factor of 1970?
False
Does 220 divide 36300?
True
Does 8 divide 9201?
False
Is 6 a factor of 1812?
True
Is 9 a factor of 717?
False
Is 55 a factor of 43945?
True
Is 1102 a multiple of 29?
True
Is 92 a multiple of 4?
True
Is 43 a factor of 100?
False
Is 4251 even?
False
Does 17 divide 255?
True
Does 5 divide 4987?
False
Is 10 a factor of 220?
True
Is 144 a factor of 36144?
True
Is 1381 a multiple of 6?
False
Does 235 divide 18749?
False
Does 77 divide 475?
False
Is 16 a factor of 9272?
False
Is 7 a factor of 2310?
True
Is 8 a factor of 1336?
True
Is 34 a factor of 646?
True
Is 20 a factor of 1036?
False
Is 4212 a multiple of 13?
True
Is 175 a factor of 49660?
False
Does 8 divide 1880?
True
Is 48 a factor of 720?
True
Does 157 divide 3297?
True
Is 6335 a multiple of 5?
True
Is 32214 a multiple of 6?
True
Is 11 a factor of 5961?
False
Is 86 a factor of 16359?
False
Is 2091 a multiple of 15?
False
Is 336 a factor of 48494?
False
Does 26 divide 3042?
True
Is 26 a factor of 50492?
True
Is 64 a factor of 603?
False